{"id":1076,"date":"2026-01-18T09:46:10","date_gmt":"2026-01-18T08:46:10","guid":{"rendered":"https:\/\/www.kceditions.fr\/?page_id=1076"},"modified":"2026-03-05T23:04:20","modified_gmt":"2026-03-05T22:04:20","slug":"gerry-feehily-2","status":"publish","type":"page","link":"https:\/\/www.kceditions.fr\/index.php\/gerry-feehily-2\/","title":{"rendered":"Gerry Feehily"},"content":{"rendered":"\n<p style=\"font-size:20px\"><strong>Gerry Feehily<\/strong>, n\u00e9 \u00e0 Londres, a grandi en Irlande. Apr\u00e8s des \u00e9tudes litt\u00e9raires \u00e0 Dublin, il s\u2019installe dans les ann\u00e9es 1990 \u00e0 Paris, o\u00f9 il vit aujourd\u2019hui. Traducteur, enseignant, journaliste et critique litt\u00e9raire pour la presse britannique et fran\u00e7aise, il est chef du service Europe \u00e0 <em>Courrier International<\/em>. <\/p>\n\n\n\n<p style=\"font-size:20px\">Il a publi\u00e9, en anglais, le roman <em><strong>Fever<\/strong><\/em> (2007) et le r\u00e9cit <em><strong>Gu<\/strong><\/em><strong><em>nk<\/em> <\/strong>(2013). <em><strong>Now <\/strong><\/em>est son premier roman \u00e9crit en fran\u00e7ais.<\/p>\n\n\n\n<p>Aux \u00e9ditions KC : <em><a href=\"https:\/\/www.kceditions.fr\/index.php\/gerry-feehily\/\">Now<\/a><\/em>, 2026<\/p>\n","protected":false},"excerpt":{"rendered":"<p>Gerry Feehily, n\u00e9 \u00e0 Londres, a grandi en Irlande. Apr\u00e8s des \u00e9tudes litt\u00e9raires \u00e0 Dublin, il s\u2019installe dans les ann\u00e9es 1990 \u00e0 Paris, o\u00f9 il vit aujourd\u2019hui. Traducteur, enseignant, journaliste et critique litt\u00e9raire pour la presse britannique et fran\u00e7aise, il est chef du service Europe \u00e0 Courrier International. Il a publi\u00e9, en anglais, le roman [&hellip;]<\/p>\n","protected":false},"author":1,"featured_media":1162,"parent":0,"menu_order":0,"comment_status":"closed","ping_status":"closed","template":"","meta":{"footnotes":""},"class_list":["post-1076","page","type-page","status-publish","has-post-thumbnail","hentry"],"_links":{"self":[{"href":"https:\/\/www.kceditions.fr\/index.php\/wp-json\/wp\/v2\/pages\/1076","targetHints":{"allow":["GET"]}}],"collection":[{"href":"https:\/\/www.kceditions.fr\/index.php\/wp-json\/wp\/v2\/pages"}],"about":[{"href":"https:\/\/www.kceditions.fr\/index.php\/wp-json\/wp\/v2\/types\/page"}],"author":[{"embeddable":true,"href":"https:\/\/www.kceditions.fr\/index.php\/wp-json\/wp\/v2\/users\/1"}],"replies":[{"embeddable":true,"href":"https:\/\/www.kceditions.fr\/index.php\/wp-json\/wp\/v2\/comments?post=1076"}],"version-history":[{"count":3,"href":"https:\/\/www.kceditions.fr\/index.php\/wp-json\/wp\/v2\/pages\/1076\/revisions"}],"predecessor-version":[{"id":1169,"href":"https:\/\/www.kceditions.fr\/index.php\/wp-json\/wp\/v2\/pages\/1076\/revisions\/1169"}],"wp:featuredmedia":[{"embeddable":true,"href":"https:\/\/www.kceditions.fr\/index.php\/wp-json\/wp\/v2\/media\/1162"}],"wp:attachment":[{"href":"https:\/\/www.kceditions.fr\/index.php\/wp-json\/wp\/v2\/media?parent=1076"}],"curies":[{"name":"wp","href":"https:\/\/api.w.org\/{rel}","templated":true}]}}