{"id":12,"date":"2024-05-03T18:33:57","date_gmt":"2024-05-03T16:33:57","guid":{"rendered":"http:\/\/www.kceditions.fr\/?page_id=12"},"modified":"2024-09-02T09:12:04","modified_gmt":"2024-09-02T07:12:04","slug":"a-propos-de","status":"publish","type":"page","link":"https:\/\/www.kceditions.fr\/index.php\/a-propos-de\/","title":{"rendered":"\u00c0 propos"},"content":{"rendered":"\n<p><\/p>\n\n\n\n<h2 class=\"wp-block-heading\" style=\"font-size:30px\">KC \u00e9ditions<\/h2>\n\n\n\n<p style=\"font-size:19px\">Maison d\u2019\u00e9dition ind\u00e9pendante fond\u00e9e en novembre 2023 et bas\u00e9e \u00e0 Paris. Sa ligne \u00e9ditoriale privil\u00e9gie d\u2019une part, la production litt\u00e9raire contemporaine, fran\u00e7aise et \u00e9trang\u00e8re, et d\u2019autre part, des \u0153uvres du XXe si\u00e8cle tomb\u00e9es dans l\u2019oubli ou m\u00e9connues.<\/p>\n\n\n\n<h2 class=\"wp-block-heading\" style=\"font-size:30px\"><strong>Distribution et diffusion<\/strong> <\/h2>\n\n\n\n<p style=\"font-size:18px\">DOD&amp;Cie : <a href=\"https:\/\/www.dodcie.com\/\">https:\/\/www.dodcie.com\/<\/a><\/p>\n\n\n\n<p style=\"font-size:18px\"><\/p>\n\n\n\n<h2 class=\"wp-block-heading\" style=\"font-size:30px\"><strong>Contact <\/strong><\/h2>\n\n\n\n<p style=\"font-size:19px\"><a href=\"mailto:contact@kceditions.fr\">contact@kceditions.fr<\/a><\/p>\n\n\n\n<h2 class=\"wp-block-heading\" style=\"font-size:30px\"><strong>Manuscrits <\/strong><\/h2>\n\n\n\n<p style=\"font-size:18px\">Nous ne lisons que les manuscrits envoy\u00e9s par mail, \u00e0 l&rsquo;adresse : <a href=\"mailto:manuscrits@kceditions.fr\">manuscrits@kceditions.fr<\/a><br>Nous n&rsquo;accusons pas r\u00e9ception des manuscrits. Si vous ne recevez pas de r\u00e9ponse dans un d\u00e9lai de trois mois, veuillez consid\u00e9rer que votre manuscrit n&rsquo;a pas \u00e9t\u00e9 retenu.<\/p>\n\n\n\n<p><\/p>\n\n\n\n<p><\/p>\n","protected":false},"excerpt":{"rendered":"<p>KC \u00e9ditions Maison d\u2019\u00e9dition ind\u00e9pendante fond\u00e9e en novembre 2023 et bas\u00e9e \u00e0 Paris. Sa ligne \u00e9ditoriale privil\u00e9gie d\u2019une part, la production litt\u00e9raire contemporaine, fran\u00e7aise et \u00e9trang\u00e8re, et d\u2019autre part, des \u0153uvres du XXe si\u00e8cle tomb\u00e9es dans l\u2019oubli ou m\u00e9connues. Distribution et diffusion DOD&amp;Cie : https:\/\/www.dodcie.com\/ Contact contact@kceditions.fr Manuscrits Nous ne lisons que les manuscrits envoy\u00e9s [&hellip;]<\/p>\n","protected":false},"author":1,"featured_media":0,"parent":0,"menu_order":0,"comment_status":"closed","ping_status":"closed","template":"","meta":{"footnotes":""},"class_list":["post-12","page","type-page","status-publish","hentry"],"_links":{"self":[{"href":"https:\/\/www.kceditions.fr\/index.php\/wp-json\/wp\/v2\/pages\/12","targetHints":{"allow":["GET"]}}],"collection":[{"href":"https:\/\/www.kceditions.fr\/index.php\/wp-json\/wp\/v2\/pages"}],"about":[{"href":"https:\/\/www.kceditions.fr\/index.php\/wp-json\/wp\/v2\/types\/page"}],"author":[{"embeddable":true,"href":"https:\/\/www.kceditions.fr\/index.php\/wp-json\/wp\/v2\/users\/1"}],"replies":[{"embeddable":true,"href":"https:\/\/www.kceditions.fr\/index.php\/wp-json\/wp\/v2\/comments?post=12"}],"version-history":[{"count":17,"href":"https:\/\/www.kceditions.fr\/index.php\/wp-json\/wp\/v2\/pages\/12\/revisions"}],"predecessor-version":[{"id":429,"href":"https:\/\/www.kceditions.fr\/index.php\/wp-json\/wp\/v2\/pages\/12\/revisions\/429"}],"wp:attachment":[{"href":"https:\/\/www.kceditions.fr\/index.php\/wp-json\/wp\/v2\/media?parent=12"}],"curies":[{"name":"wp","href":"https:\/\/api.w.org\/{rel}","templated":true}]}}