{"id":2,"date":"2024-05-02T14:31:31","date_gmt":"2024-05-02T12:31:31","guid":{"rendered":"http:\/\/www.kceditions.fr\/?page_id=2"},"modified":"2026-04-09T09:53:52","modified_gmt":"2026-04-09T07:53:52","slug":"actualites","status":"publish","type":"page","link":"https:\/\/www.kceditions.fr\/index.php\/actualites\/","title":{"rendered":"Actualit\u00e9s"},"content":{"rendered":"\n<p class=\"has-primary-color has-text-color has-link-color has-small-font-size wp-elements-ab02d2f218a75ee39994ea96d76803ce\"><strong>11 avril 2026<\/strong> Maison de la Po\u00e9sie, Paris, rencontre avec Nicoletta Vallorani et Antonio Moresco, <a href=\"https:\/\/www.italissimofestival.com\/toute-la-programmation\/2026\/4\/11\/antonio-moresco-et-nicoletta-vallorani-sombres-univers\">https:\/\/www.italissimofestival.com\/toute-la-programmation\/2026\/4\/11\/antonio-moresco-et-nicoletta-vallorani-sombres-univers<\/a> <\/p>\n\n\n\n<p class=\"has-small-font-size\"><strong>26 mars 2026<\/strong> Parution du roman <em>Tu auras mes yeux<\/em>, de Nicoletta Vallorani<\/p>\n\n\n\n<p class=\"has-primary-color has-text-color has-link-color has-small-font-size wp-elements-02dfd6383bc62d0e75ddff3d33e88f5f\"><strong>24 mars 2026<\/strong> Soir\u00e9e Lectures, \u00e0 la Galerie Jordan, Th\u00e9\u00e2tre du Rond-Point, Paris. Avec Antoine Dufeu, Daniel Foucard, Pavel Hak, V\u00e9ronique Pittolo, <a href=\"https:\/\/www.instagram.com\/p\/DVlHLX9Cu65\/\">https:\/\/www.instagram.com\/p\/DVlHLX9Cu65\/<\/a><\/p>\n\n\n\n<p class=\"has-primary-color has-text-color has-link-color has-small-font-size wp-elements-454a337b3b7ed79bbe46ce628cbf9175\"><strong>27 f\u00e9vrier 2026<\/strong> Pr\u00e9sentation de <em>Elle raconte toujours des histoires (de l&rsquo;art) <\/em>de V\u00e9ronique Pittolo, \u00e0 la Librairie Mich\u00e8le Ignazi. L&rsquo;auteure dialogue avec Myl\u00e8ne Sarant, <a href=\"https:\/\/www.instagram.com\/p\/DU6Jn3_inSW\/\">https:\/\/www.instagram.com\/p\/DU6Jn3_inSW\/<\/a><\/p>\n\n\n\n<p class=\"has-small-font-size\"><strong>26 f\u00e9vrier 2026<\/strong> Parution de <em>Elle raconte toujours des histoires (de l&rsquo;art)<\/em>, de V\u00e9ronique Pittolo<\/p>\n\n\n\n<p class=\"has-primary-color has-text-color has-link-color has-small-font-size wp-elements-c721031075d0b1a65a3368a3621f3d79\"><strong>20 f\u00e9vrier 2026<\/strong> \u00c0 la librairie La G\u00e9oth\u00e8que de Nantes, pr\u00e9sentation de <em>L\u00e0 o\u00f9 je ne dois pas \u00eatre<\/em> de Gloria Paganini. <a href=\"https:\/\/www.instagram.com\/p\/DUqou6ACodS\/\">L&rsquo;auteure dialogue avec Patrick Goutefangea<\/a> <a href=\"https:\/\/www.instagram.com\/p\/DVGbzRbivxu\/\">https:\/\/www.instagram.com\/p\/DVGbzRbivxu\/<\/a><\/p>\n\n\n\n<p class=\"has-primary-color has-text-color has-link-color has-small-font-size wp-elements-8a19b7bd99014acd773312e63b51c609\"><strong>f\u00e9vrier 2026<\/strong> Les \u00e9ditions KC lancent leurs podcasts sur You Tube : <a href=\"https:\/\/www.youtube.com\/@KC\u00e9ditions\">https:\/\/www.youtube.com\/@KC\u00e9ditions<\/a><\/p>\n\n\n\n<p class=\"has-primary-color has-text-color has-link-color has-small-font-size wp-elements-ca66ce62a549e584415dddfe26b61ac3\"><strong>7 novembre 2025<\/strong> Pavel Hak pr\u00e9sente son roman <em>Trust<\/em> \u00e0 la librairie Mich\u00e8le Ignazi, Paris 4e <a href=\"https:\/\/www.instagram.com\/p\/DQmHwo1CinL\/\">https:\/\/www.instagram.com\/p\/DQmHwo1CinL\/<\/a><\/p>\n\n\n\n<p class=\"has-small-font-size\"><strong>15 octobre 2025<\/strong> en format \u00e9lectronique \/ <strong>29 octobre<\/strong> en librairie : parution du roman <em>Trust<\/em>, de Pavel Hak<\/p>\n\n\n\n<p class=\"has-primary-color has-text-color has-link-color has-small-font-size wp-elements-8d80bb31d0340613b99786183ced96d7\"><strong>3 octobre 2025<\/strong> Pr\u00e9sentation du roman <em>Asexologue<\/em> de Daniel Foucard, \u00e0 la librairie Mich\u00e8le Ignazi (75004). L&rsquo;auteur dialogue avec V\u00e9ronique Pittolo : <a href=\"https:\/\/www.instagram.com\/p\/DPORRg2isc4\/\">https:\/\/www.instagram.com\/p\/DPORRg2isc4\/<\/a><\/p>\n\n\n\n<p class=\"has-primary-color has-text-color has-link-color has-small-font-size wp-elements-1a1f3aa984ff6800a7944442be099212\"><strong>26 septembre 2025<\/strong> <a href=\"https:\/\/www.librest.com\/librairie-l-atelier\/nos-rendez-vous\/26-septembre-2025\/6553-rencontre-avec-antoine-dufeu-pour--blanchiment--anime-par-cedric-mazet-zaccardelli--editions-kc-\">Pr\u00e9sentation de <em>Blanchiment<\/em> d&rsquo;Antoine Dufeu, \u00e0 la librairie L&rsquo;Atelier <\/a>(75020). Rencontre anim\u00e9e par C\u00e9dric Mazet-Zaccardelli<\/p>\n\n\n\n<p class=\"has-small-font-size\"><strong>24 septembre 2025<\/strong> Parution du roman <em>Asexologue<\/em>, de Daniel Foucard<\/p>\n\n\n\n<p class=\"has-small-font-size\"><strong>24 septembre 2025<\/strong> Parution de <em>Blanchiment<\/em>, d&rsquo;Antoine Dufeu<\/p>\n\n\n\n<p class=\"has-primary-color has-text-color has-link-color has-small-font-size wp-elements-35af9eac9e9c42be5b84814fadd29552\"><strong>19 septembre 2025<\/strong> Pr\u00e9sentation de <em>L\u00e0 o\u00f9 je ne dois pas \u00eatre<\/em>, de Gloria Paganini,<em> <\/em>\u00e0 La Libreria <a href=\"https:\/\/www.libreria.fr\/agenda-179684\/gloria-paganini-presente-la-ou-je-ne-dois-pas-etre\/\">https:\/\/www.libreria.fr\/agenda-179684\/gloria-paganini-presente-la-ou-je-ne-dois-pas-etre\/<\/a><\/p>\n\n\n\n<p class=\"has-small-font-size\"><strong>28 ao\u00fbt 2025<\/strong> Parution du roman <em>L\u00e0 o\u00f9 je ne dois pas \u00eatre<\/em>, de Gloria Paganini<\/p>\n\n\n\n<p class=\"has-small-font-size\"><strong>16 mai 2025<\/strong> Parution de <em>\u00c0 bas le pouvoir<\/em>, nouvelles satiriques de Jaroslav Ha\u0161ek. Traduction et postface de Jean Boutan<\/p>\n\n\n\n<p class=\"has-primary-color has-text-color has-link-color has-small-font-size wp-elements-eba0e83fc5bb63fd82d975c56088e58b\"><strong>26 avril 2025<\/strong> Pavel Hak pr\u00e9sente son roman <em>Autobiographie<\/em> \u00e0 la Grande Librairie Internationale de Marseille <a href=\"https:\/\/www.instagram.com\/p\/DIjbzNIqaXj\/\">https:\/\/www.instagram.com\/p\/DIjbzNIqaXj\/<\/a><\/p>\n\n\n\n<p class=\"has-primary-color has-text-color has-link-color has-small-font-size wp-elements-c739d9aecccd99b428b2d8f05df3170c\"><strong>18 mars 2025<\/strong> Pr\u00e9sentation d&rsquo;<em>Esprit rebelle <\/em>\u00e0 La Libreria <a href=\"https:\/\/www.libreria.fr\/agenda-170030\/presentation-de-esprit-rebelle-de-gian-pietro-lucini\/\">https:\/\/www.libreria.fr\/agenda-170030\/presentation-de-esprit-rebelle-de-gian-pietro-lucini\/<\/a><\/p>\n\n\n\n<p style=\"font-size:18px\"><strong>12 mars 2025<\/strong> Parution du r\u00e9cit <em>Esprit rebelle,<\/em> de Gian Pietro Lucini. Traduction de Christophe Mileschi. Postface d&rsquo;Andrea D&rsquo;Urso<\/p>\n\n\n\n<p class=\"has-primary-color has-text-color has-link-color wp-elements-ef836cd08aa8f523c3f5277065c4da3a\" style=\"font-size:18px\"><strong>13 d\u00e9cembre 2024<\/strong> Soir\u00e9e DOC(K)PIT: pr\u00e9sentation de KC \u00e9ditions<br>et lecture par Pavel Hak d&rsquo;extraits de son roman <em>Autobiographie<\/em> <a href=\"https:\/\/www.instagram.com\/p\/DDjqWKpoUsq\/\">https:\/\/www.instagram.com\/p\/DDjqWKpoUsq\/<\/a><\/p>\n\n\n\n<p class=\"has-primary-color has-text-color has-link-color has-small-font-size wp-elements-7cd70414853fab10bac41dd909f9ff9c\" style=\"font-size:18px\"><strong>29 novembre 2024<\/strong> Pr\u00e9sentation d&rsquo;<em>Autobiographie<\/em> \u00e0 la Librairie Mich\u00e8le Ignazi <a href=\"https:\/\/www.instagram.com\/kceditions\/p\/DCjXA7ugjWs\">www.instagram.com\/kceditions\/p\/DCjXA7ugjWs<\/a><\/p>\n\n\n\n<div class=\"wp-block-columns is-layout-flex wp-container-core-columns-is-layout-9d6595d7 wp-block-columns-is-layout-flex\"><\/div>\n\n\n\n<div class=\"wp-block-columns is-layout-flex wp-container-core-columns-is-layout-9d6595d7 wp-block-columns-is-layout-flex\"><\/div>\n\n\n\n<div class=\"wp-block-columns is-layout-flex wp-container-core-columns-is-layout-9d6595d7 wp-block-columns-is-layout-flex\">\n<div class=\"wp-block-column is-layout-flow wp-block-column-is-layout-flow\"><\/div>\n\n\n\n<div class=\"wp-block-column is-layout-flow wp-block-column-is-layout-flow\"><\/div>\n<\/div>\n\n\n\n<div class=\"wp-block-columns is-layout-flex wp-container-core-columns-is-layout-9d6595d7 wp-block-columns-is-layout-flex\">\n<div class=\"wp-block-column is-layout-flow wp-block-column-is-layout-flow\"><\/div>\n\n\n\n<div class=\"wp-block-column is-layout-flow wp-block-column-is-layout-flow\">\n<p><\/p>\n<\/div>\n<\/div>\n\n\n\n<p><\/p>\n","protected":false},"excerpt":{"rendered":"<p>11 avril 2026 Maison de la Po\u00e9sie, Paris, rencontre avec Nicoletta Vallorani et Antonio Moresco, https:\/\/www.italissimofestival.com\/toute-la-programmation\/2026\/4\/11\/antonio-moresco-et-nicoletta-vallorani-sombres-univers 26 mars 2026 Parution du roman Tu auras mes yeux, de Nicoletta Vallorani 24 mars 2026 Soir\u00e9e Lectures, \u00e0 la Galerie Jordan, Th\u00e9\u00e2tre du Rond-Point, Paris. Avec Antoine Dufeu, Daniel Foucard, Pavel Hak, V\u00e9ronique Pittolo, https:\/\/www.instagram.com\/p\/DVlHLX9Cu65\/ 27 f\u00e9vrier 2026 [&hellip;]<\/p>\n","protected":false},"author":1,"featured_media":0,"parent":0,"menu_order":0,"comment_status":"closed","ping_status":"open","template":"","meta":{"footnotes":""},"class_list":["post-2","page","type-page","status-publish","hentry"],"_links":{"self":[{"href":"https:\/\/www.kceditions.fr\/index.php\/wp-json\/wp\/v2\/pages\/2","targetHints":{"allow":["GET"]}}],"collection":[{"href":"https:\/\/www.kceditions.fr\/index.php\/wp-json\/wp\/v2\/pages"}],"about":[{"href":"https:\/\/www.kceditions.fr\/index.php\/wp-json\/wp\/v2\/types\/page"}],"author":[{"embeddable":true,"href":"https:\/\/www.kceditions.fr\/index.php\/wp-json\/wp\/v2\/users\/1"}],"replies":[{"embeddable":true,"href":"https:\/\/www.kceditions.fr\/index.php\/wp-json\/wp\/v2\/comments?post=2"}],"version-history":[{"count":84,"href":"https:\/\/www.kceditions.fr\/index.php\/wp-json\/wp\/v2\/pages\/2\/revisions"}],"predecessor-version":[{"id":1193,"href":"https:\/\/www.kceditions.fr\/index.php\/wp-json\/wp\/v2\/pages\/2\/revisions\/1193"}],"wp:attachment":[{"href":"https:\/\/www.kceditions.fr\/index.php\/wp-json\/wp\/v2\/media?parent=2"}],"curies":[{"name":"wp","href":"https:\/\/api.w.org\/{rel}","templated":true}]}}