{"id":305,"date":"2024-05-29T14:57:17","date_gmt":"2024-05-29T12:57:17","guid":{"rendered":"http:\/\/www.kceditions.fr\/?page_id=305"},"modified":"2026-01-12T02:55:28","modified_gmt":"2026-01-12T01:55:28","slug":"lucini","status":"publish","type":"page","link":"https:\/\/www.kceditions.fr\/index.php\/lucini\/","title":{"rendered":"Gian Pietro Lucini"},"content":{"rendered":"\n<div class=\"wp-block-columns alignwide has-subtle-background-background-color has-background is-layout-flex wp-container-core-columns-is-layout-9d6595d7 wp-block-columns-is-layout-flex\">\n<div class=\"wp-block-column is-layout-flow wp-block-column-is-layout-flow\" style=\"flex-basis:50%\">\n<figure class=\"wp-block-image size-full is-resized\"><img decoding=\"async\" src=\"https:\/\/www.kceditions.fr\/wp-content\/uploads\/2025\/02\/copertina_Lucini_rouge_Site-1.jpg\" alt=\"\" class=\"wp-image-631\" style=\"width:370px\"\/><\/figure>\n<\/div>\n\n\n\n<div class=\"wp-block-column is-vertically-aligned-center is-layout-flow wp-block-column-is-layout-flow\" style=\"flex-basis:70%\">\n<p style=\"font-size:15px\">Gian Pietro, jeune paysan, revient au village apr\u00e8s trois ans de service militaire, habit\u00e9 d&#8217;une nouvelle conscience sociale. Tr\u00e8s vite, il refuse le dur labeur des champs et l\u2019exploitation et l\u2019arrogance du pouvoir, incarn\u00e9 par le m\u00e9tayer, la police et l\u2019arm\u00e9e. Il tente alors de fomenter la r\u00e9volte aupr\u00e8s des paysans. Leur travail harassant et leurs conditions de vie dans les campagnes de l\u2019Italie du nord sont d\u00e9crits d\u2019une fa\u00e7on naturaliste, qui n\u2019est pas sans \u00e9voquer Zola, et \u00e0 la fois sur un ton po\u00e9tique saisissant. Si <em>Esprit rebelle<\/em> fait \u00e9cho aux r\u00e9voltes paysannes qui fermentent \u00e0 la fin du XIX<sup>e<\/sup> si\u00e8cle dans les plaines padanes et aboutiront, quelques d\u00e9cennies plus tard, aux luttes des \u2018mondines\u2019, travailleuses des rizi\u00e8res, pour la journ\u00e9e de huit heures, il fait \u00e9cho, aussi, \u00e0 des r\u00e9voltes populaires spontan\u00e9es bien plus r\u00e9centes<\/p>\n\n\n\n<p class=\"has-primary-color has-text-color has-link-color wp-elements-062176048373197c3aaf74dfd3d33871\" style=\"font-size:15px\"><strong><a href=\"https:\/\/www.kceditions.fr\/index.php\/gian-pietro-lucini\/\">Gian Pietro Lucini<\/a> <\/strong>(1867-1914) est un po\u00e8te, \u00e9crivain et critique litt\u00e9raire italien. Il est consid\u00e9r\u00e9 comme un pr\u00e9curseur des avant-gardes po\u00e9tiques. Son recueil de po\u00e9sies le plus c\u00e9l\u00e8bre, <em>Revolverate<\/em>, a \u00e9t\u00e9 publi\u00e9 par Marinetti en 1909, puis red\u00e9couvert et publi\u00e9 en \u00e9dition critique par Edoardo Sanguineti (1974). Anarchiste et anti-bourgeois, Lucini s&#8217;est distingu\u00e9 pour ses positions contre la monarchie, l&#8217;\u00c9glise et l&#8217;arm\u00e9e, qui lui ont valu des poursuites pour antimilitarisme. <em>Esprit rebelle<\/em> (<em>Spirito ribelle<\/em>, 1888) est un long r\u00e9cit de jeunesse.<\/p>\n\n\n\n<p style=\"font-size:14px\"><strong>Christophe Mileschi<\/strong> est professeur en \u00e9tudes italiennes \u00e0 l\u2019Universit\u00e9 Paris Nanterre, traducteur, \u00e9crivain. Il a traduit quelques dizaines de livres de l\u2019italien (Campana, Pasolini, Moravia, L\u00e9onard de Vinci, Meneghello, Gangemi, Manganelli, Celestini, Manzoni, Buzzelli, Busellato, Calvino, Griffi&#8230;).<\/p>\n\n\n\n<p style=\"font-size:14px\">Postface d&#8217;<strong>Andrea D&#8217;Urso<\/strong>, enseignant-chercheur \u00e0 l&#8217;Universit\u00e9 de Sassari et sp\u00e9cialiste de Gian Pietro Lucini.<\/p>\n\n\n\n<p style=\"font-size:15px\">Format: Broch\u00e9 (185cm x 120cm)<br>Nombre de pages: 132<br>Prix TTC: 13.00 \u20ac<br>ISBN: 9782959240126<br>Format Ebook : 7.99 \u20ac<\/p>\n\n\n\n<p style=\"font-size:15px\"><strong>Parution: 12\/03\/2025<\/strong><\/p>\n\n\n\n<p style=\"font-size:15px\"><\/p>\n<\/div>\n<\/div>\n\n\n\n<p class=\"has-text-align-center has-accent-color has-subtle-background-background-color has-text-color has-background has-link-color wp-elements-861839082d1fcf9463ae0c509f52c740\"><strong>On en parle&#8230;<\/strong><\/p>\n\n\n\n<p class=\"has-primary-color has-text-color has-link-color has-small-font-size wp-elements-3cbbb32915256c90279044b7783f7f82\"><a href=\"https:\/\/diacritik.com\/2025\/05\/06\/gian-pietro-lucini-linsurrection-mais-pas-tout-de-suite-esprit-rebelle\/\">Article de V\u00e9ronique Pittolo, revue \u201cDiacritik\u201d, 6 mai 2025<\/a><\/p>\n\n\n\n<p class=\"has-primary-color has-text-color has-link-color has-small-font-size wp-elements-330791993499d17e868ebc741b8cc369\"><a href=\"https:\/\/www.instagram.com\/p\/DKUA1bdKmw8\/\">Article de Silvia Contarini et Christophe Mileschi, revue \u201cFocus In\u201d, n. 61, 2025<\/a><\/p>\n\n\n\n<p class=\"has-primary-color has-text-color has-link-color has-small-font-size wp-elements-d67c7f7b9d6f034f1f91ca878942de7d\"><a href=\"https:\/\/www.libreria.fr\/agenda-170030\/presentation-de-esprit-rebelle-de-gian-pietro-lucini\/\">18 mars 2025, Pr\u00e9sentation d\u2019<em>Esprit rebelle <\/em>\u00e0 La Libreria, Paris<\/a><\/p>\n\n\n\n<p><\/p>\n","protected":false},"excerpt":{"rendered":"<p>Gian Pietro, jeune paysan, revient au village apr\u00e8s trois ans de service militaire, habit\u00e9 d&#8217;une nouvelle conscience sociale. Tr\u00e8s vite, il refuse le dur labeur des champs et l\u2019exploitation et l\u2019arrogance du pouvoir, incarn\u00e9 par le m\u00e9tayer, la police et l\u2019arm\u00e9e. Il tente alors de fomenter la r\u00e9volte aupr\u00e8s des paysans. Leur travail harassant et [&hellip;]<\/p>\n","protected":false},"author":1,"featured_media":0,"parent":0,"menu_order":0,"comment_status":"closed","ping_status":"closed","template":"","meta":{"footnotes":""},"class_list":["post-305","page","type-page","status-publish","hentry"],"_links":{"self":[{"href":"https:\/\/www.kceditions.fr\/index.php\/wp-json\/wp\/v2\/pages\/305","targetHints":{"allow":["GET"]}}],"collection":[{"href":"https:\/\/www.kceditions.fr\/index.php\/wp-json\/wp\/v2\/pages"}],"about":[{"href":"https:\/\/www.kceditions.fr\/index.php\/wp-json\/wp\/v2\/types\/page"}],"author":[{"embeddable":true,"href":"https:\/\/www.kceditions.fr\/index.php\/wp-json\/wp\/v2\/users\/1"}],"replies":[{"embeddable":true,"href":"https:\/\/www.kceditions.fr\/index.php\/wp-json\/wp\/v2\/comments?post=305"}],"version-history":[{"count":37,"href":"https:\/\/www.kceditions.fr\/index.php\/wp-json\/wp\/v2\/pages\/305\/revisions"}],"predecessor-version":[{"id":1065,"href":"https:\/\/www.kceditions.fr\/index.php\/wp-json\/wp\/v2\/pages\/305\/revisions\/1065"}],"wp:attachment":[{"href":"https:\/\/www.kceditions.fr\/index.php\/wp-json\/wp\/v2\/media?parent=305"}],"curies":[{"name":"wp","href":"https:\/\/api.w.org\/{rel}","templated":true}]}}