{"id":882,"date":"2025-12-28T14:51:43","date_gmt":"2025-12-28T13:51:43","guid":{"rendered":"https:\/\/www.kceditions.fr\/?page_id=882"},"modified":"2026-02-05T14:27:47","modified_gmt":"2026-02-05T13:27:47","slug":"daniel-foucard-2","status":"publish","type":"page","link":"https:\/\/www.kceditions.fr\/index.php\/daniel-foucard-2\/","title":{"rendered":"Daniel Foucard"},"content":{"rendered":"\n<p style=\"font-size:19px\"><strong>Daniel Foucard<\/strong> a publi\u00e9 d\u2019abord des textes de fiction dans des revues comme <em>L&#8217;Imbriaque<\/em>, <em>Nioques<\/em>, <em>Perpendiculaire<\/em>. En parall\u00e8le \u00e0 une dizaine de romans publi\u00e9s aux \u00e9ditions Al Dante, L\u00e9o Scheer, Inculte, il publie, entre 2000 et 2024, dans <em>Art Press<\/em>, <em>Mouvement (revue)<\/em>, <em>La Revue litt\u00e9raire<\/em>, <em>La R\u00e8gle du jeu (revue)<\/em>, <em>Vice Magazine<\/em>, <em>Evidenz<\/em>, <em>Inculte<\/em>, <em>Trouble<\/em>, <em>Cockpit<\/em>, etc. Il a collabor\u00e9 avec des artistes et musiciens, et particip\u00e9 \u00e0 de nombreux projets collectifs&nbsp;(expositions, festivals, lectures, \u00e9missions de radio), qu\u2019il consid\u00e8re comme des formes pr\u00e9paratoires \u00e0 l&#8217;\u00e9criture de ses romans. Il vit depuis 2020 dans le Loiret.<\/p>\n\n\n\n<p style=\"font-size:19px\">Ses th\u00e8mes de pr\u00e9dilection sont l&#8217;ambivalence, la transgression des codes, les mutations de la soci\u00e9t\u00e9, les discours de la domination. Certains critiques ont \u00e9voqu\u00e9 les univers de J. G. Ballard ou William Burroughs en raison de l\u2019imbrication, dans ses textes, de science-fiction et r\u00e9el.<\/p>\n\n\n\n<p style=\"font-size:19px\">Aux \u00e9ditions KC : <em><strong><a href=\"https:\/\/www.kceditions.fr\/index.php\/daniel-foucard\/\">Asexologue<\/a><\/strong><\/em> (2025)<\/p>\n\n\n\n<p style=\"font-size:17px\">Principales publications\u00a0: <strong><em>Peuplements<\/em><\/strong>, Al Dante, 2000; <strong><em>Container<\/em><\/strong>, Sens &amp; Tonka, 2001; <strong><em>Novo<\/em><\/strong>, Al Dante \/ L\u00e9o Scheer, 2003; <strong><em>Cold<\/em><\/strong>, Laureli. L\u00e9o Scheer, 2006; <strong><em>Civil<\/em><\/strong>, Laureli. L\u00e9o Scheer, 2008; <strong><em>Casse<\/em><\/strong>, Laureli. L\u00e9o Scheer, 2010; <strong><em>Bill<\/em><\/strong>, Afterpop. Inculte, 2011; <strong><em>Nudism<\/em><\/strong>, Laureli. Inculte, 2013; <strong><em>Sexes<\/em><\/strong>, Labos d\u2019Aubervilliers \/ Inculte, 2014; <strong><em>Seule<\/em><\/strong>, Inculte, 2018.<\/p>\n","protected":false},"excerpt":{"rendered":"<p>Daniel Foucard a publi\u00e9 d\u2019abord des textes de fiction dans des revues comme L&#8217;Imbriaque, Nioques, Perpendiculaire. En parall\u00e8le \u00e0 une dizaine de romans publi\u00e9s aux \u00e9ditions Al Dante, L\u00e9o Scheer, Inculte, il publie, entre 2000 et 2024, dans Art Press, Mouvement (revue), La Revue litt\u00e9raire, La R\u00e8gle du jeu (revue), Vice Magazine, Evidenz, Inculte, Trouble, [&hellip;]<\/p>\n","protected":false},"author":1,"featured_media":886,"parent":0,"menu_order":0,"comment_status":"closed","ping_status":"closed","template":"","meta":{"footnotes":""},"class_list":["post-882","page","type-page","status-publish","has-post-thumbnail","hentry"],"_links":{"self":[{"href":"https:\/\/www.kceditions.fr\/index.php\/wp-json\/wp\/v2\/pages\/882","targetHints":{"allow":["GET"]}}],"collection":[{"href":"https:\/\/www.kceditions.fr\/index.php\/wp-json\/wp\/v2\/pages"}],"about":[{"href":"https:\/\/www.kceditions.fr\/index.php\/wp-json\/wp\/v2\/types\/page"}],"author":[{"embeddable":true,"href":"https:\/\/www.kceditions.fr\/index.php\/wp-json\/wp\/v2\/users\/1"}],"replies":[{"embeddable":true,"href":"https:\/\/www.kceditions.fr\/index.php\/wp-json\/wp\/v2\/comments?post=882"}],"version-history":[{"count":4,"href":"https:\/\/www.kceditions.fr\/index.php\/wp-json\/wp\/v2\/pages\/882\/revisions"}],"predecessor-version":[{"id":1138,"href":"https:\/\/www.kceditions.fr\/index.php\/wp-json\/wp\/v2\/pages\/882\/revisions\/1138"}],"wp:featuredmedia":[{"embeddable":true,"href":"https:\/\/www.kceditions.fr\/index.php\/wp-json\/wp\/v2\/media\/886"}],"wp:attachment":[{"href":"https:\/\/www.kceditions.fr\/index.php\/wp-json\/wp\/v2\/media?parent=882"}],"curies":[{"name":"wp","href":"https:\/\/api.w.org\/{rel}","templated":true}]}}